 What is the highest common divisor of 12 and h?
12
Let a = 11 - 6. Let m(i) = 4*i - 2. Let u be m(a). What is the highest common factor of 2 and u?
2
Suppose -d = d. Suppose d = f - 0*f - 54. Calculate the highest common factor of 36 and f.
18
Suppose 62*s - 57*s = 525. Suppose 2*k = q + 28, -5*k = q + 3*q - 83. What is the greatest common factor of s and k?
15
Let a(y) be the third derivative of y**5/60 + y**4/4 + y**3/6 + 2*y**2. Let g be a(-6). What is the highest common divisor of g and 5?
1
Let d = -13 + 30. What is the highest common divisor of d and 153?
17
Suppose y + 5 = 0, -2*z + y + 113 = 2*z. Calculate the highest common divisor of z and 9.
9
Suppose 3*j - 35 = -2. Calculate the highest common divisor of 44 and j.
11
Let p(o) = 57*o**2 + 6*o - 9. Let q(k) = -19*k**2 - 2*k + 3. Let g(s) = 6*p(s) + 17*q(s). Let x be g(2). Calculate the highest common divisor of 11 and x.
11
Suppose 4*z - 5*z = -18. Calculate the greatest common divisor of z and 27.
9
Suppose -l = -5*y - 33, -52 = -l - 5*y + 11. Let t be (-18)/(7/(-4) + (-9)/(-36)). What is the greatest common factor of l and t?
12
Let h(m) = 4*m**2 + m + 2. Let v(t) = 4*t**2 + t + 2. Let n(p) = 5*h(p) - 4*v(p). Let c be n(-3). Calculate the greatest common factor of c and 7.
7
Let y(j) = -j**2 + 4. Let t be y(0). Suppose -t*f = -1 - 11. Calculate the greatest common divisor of 2 and f.
1
Let y be (1 - 1) + 1 + 24. Suppose 5*t = -y, z + 1 = -2*t - 1. Suppose 3*g - 37 = 179. What is the highest common factor of g and z?
8
Let f(j) = -3*j + 4 - 5 + j**2 - 7*j - 4. Let m be f(11). What is the greatest common divisor of 24 and m?
6
Let s(a) = a**3 + 6*a**2 + 5*a + 2. Let h be s(-5). Let g = h + 43. Calculate the highest common divisor of g and 9.
9
Let x = 18 + -14. Suppose 3 = x*v - 1, -2*v + 38 = a. What is the highest common divisor of 54 and a?
18
Let k be 2/(20/46) + (-2)/(-5). Calculate the greatest common factor of 1 and k.
1
Suppose o - 10 = -0*o - 2*n, -3*n = o - 11. Calculate the highest common divisor of o and 32.
8
Let m be (-2 + 15)*(-2 - -3). Suppose -6*t + 128 = -t + x, -138 = -5*t + 4*x. What is the highest common divisor of m and t?
13
Suppose d = -u + 1, -3*d + 4*u - 42 = -17. Let h(b) = -22*b - 1. Let n be h(d). Let i = -23 + 36. What is the highest common divisor of i and n?
13
Suppose 0 = -0*o - 2*o + 72. Suppose -7*j = -17*j + 540. Calculate the greatest common factor of o and j.
18
Let q(z) = z**3 + 7*z**2 + 7*z + z**2 - 2*z**2 + 6. Let o be q(-4). Suppose 16 = -2*n + 20. Calculate the highest common factor of n and o.
2
Let m(g) = -g**2 + 4*g - 5. Let l be m(5). Let t = l - -16. Calculate the highest common factor of 12 and t.
6
Suppose -2*a = -29 + 1. What is the highest common factor of 21 and a?
7
Suppose -8*o = -7*o - 110. Calculate the highest common factor of 10 and o.
10
Suppose 5*l + 26 = -v, 0*v - 18 = 3*l + 3*v. Let d(b) = -4*b - 5. Let j be d(l). What is the greatest common factor of j and 3?
3
Suppose 0 = -5*l - 3*d + 648, -2*l + 672 = 3*l - 3*d. Calculate the greatest common factor of 12 and l.
12
Let l(z) = 4*z**2 - 17*z. Let k be l(8). Calculate the greatest common divisor of k and 12.
12
Suppose -4*x = -4*r - 40, -x - 2*r + 5*r = -16. Let k = 3 + x. What is the greatest common divisor of k and 10?
10
Let l(m) = 5*m**2 + 4*m. Let c be l(-3). Suppose -5*j + 3*j = -66. Suppose -j = -4*r + 11. Calculate the highest common divisor of c and r.
11
Suppose -5*p = -2*q + 42, 0 = q - 6*q + 2*p + 84. Suppose -4*z = c - 5*c + 8, 0 = 5*z - c - 6. Calculate the highest common factor of z and q.
2
Let w = -34 - -21. Let p(f) = f**2 + 14*f + 17. Let u be p(w). What is the highest common factor of u and 4?
4
Suppose 7*q = 2*q + 3*d + 87, 5*q = d + 79. Let c(a) = a**3 + 8*a**2 + 6*a - 2. Let r be c(-7). Calculate the greatest common factor of r and q.
5
Let b(r) = 2*r - 2. Let j be b(7). Let o(k) = -12*k**2 - j*k**3 + 13*k**3 - 3 - 2 - 12*k. Let p be o(13). What is the highest common divisor of 12 and p?
4
Suppose 5*k + 0 - 20 = 0. Suppose z = -2*u + k, z + 5*u + 4 - 8 = 0. Calculate the highest common divisor of 4 and z.
4
Suppose 2*z + v = 165, 2*z + 5*v - 219 = -66. Suppose 57 = 5*j - 3. Calculate the highest common divisor of j and z.
12
Let g = 2 - 4. Let b be ((-8)/g)/((-3)/(-21)). Calculate the greatest common divisor of 4 and b.
4
Let x be (-25)/5 + 181 - -4. What is the greatest common divisor of 60 and x?
60
Let b be 8 - 0 - -1 - 1. Calculate the highest common divisor of 88 and b.
8
Suppose 849 = -5*d - 3*h, 96 + 570 = -4*d + 2*h. Let p be (-6)/(-15) + 27/(-5). Let i be d/(-15) + 1/p. Calculate the greatest common divisor of 22 and i.
11
Suppose 6*k - 3*k = 162. What is the greatest common divisor of 18 and k?
18
Let j be (2 - 3)/((-3)/3). Let k be -1 + j - (-7 - 3). Calculate the highest common divisor of 30 and k.
10
Let m(a) be the first derivative of 13*a**3/3 + a**2 - 1. Let d be m(2). What is the highest common factor of 7 and d?
7
Suppose 5*r + 68 = l + r, -3*r - 159 = -3*l. Calculate the greatest common factor of 36 and l.
12
Let j = 87 + 53. Let z(p) = -p - 1. Let a be z(-6). Suppose 3*k + 0*b - 40 = -b, k - a*b = 24. What is the highest common divisor of k and j?
14
Let b(t) = 54*t + 1. Let h be b(1). Calculate the greatest common divisor of 5 and h.
5
Suppose -5*n + 2*p + 224 = -2*p, -2*n + 91 = -3*p. Suppose -2*i - 2*i = -n. Calculate the greatest common divisor of i and 11.
11
Suppose -5*a = 15, 2*h + 0*a = -a + 17. Let b be (-5)/(h/(-64)) + -2. What is the highest common factor of 20 and b?
10
Let f be 27/2 - 4/(-8). What is the greatest common divisor of 56 and f?
14
Let j(u) = 4*u**2 + 8*u + 3. Let n be j(-6). Suppose 0 = -3*z + 2*z + 5. Let g be (-37)/(-4) - z/20. What is the greatest common divisor of n and g?
9
Suppose 0 = g - 47 + 17. What is the greatest common factor of g and 6?
6
Suppose -36 = -3*h - 0*h. Calculate the greatest common factor of h and 6.
6
Suppose n + 149 = -0*n + j, n - 4*j = -149. Let z = n - -103. Let v = z - -112. Calculate the highest common factor of 6 and v.
6
Let j = 17 + 25. Calculate the highest common divisor of 21 and j.
21
Suppose -p - 12 - 2 = -3*n, -4*n + 2*p + 22 = 0. Let w be 0 - (-2 + (-3 - 0)). Suppose -4*h = -w - 3. Calculate the highest common divisor of n and h.
1
Let t = 102 - 14. Let b(y) = 19*y + 20. Let c be b(-8). Let a be (c/(-18))/(2/3). What is the highest common factor of a and t?
11
Suppose 5*p = -5*c - 405, 0 = 3*c - 0*c + 9. Let x(w) = -18*w + 4. Let z be x(3). Let v = z - p. What is the greatest common factor of 14 and v?
14
Suppose 2*l - 4*l = -12. Let s = -3 + l. What is the greatest common divisor of s and 3?
3
Let c be 1*5/(20/144). What is the highest common factor of c and 12?
12
Let q be (-1)/(0 - (-4)/(-148)). What is the highest common factor of q and 37?
37
Let b(o) be the first derivative of -o**3/3 - 9*o**2/2 - 7*o - 4. Let k be b(-6). Calculate the highest common factor of 88 and k.
11
Let j(n) = n**2 + n - 6. Let c be j(-8). Suppose -4*f = 2*t - c, f = 2*f + 2*t - 20. Calculate the highest common factor of f and 80.
10
Let k be (66/(-24) - -5)*12. Calculate the highest common factor of 3 and k.
3
Let k be 362/9 - (-12)/(-54). Calculate the highest common factor of 10 and k.
10
Suppose 51 = 2*o + 7. Let y = -12 + o. Suppose 2*u = -2*u + 60. Calculate the highest common factor of u and y.
5
Let j = -49 + 59. Calculate the highest common divisor of 110 and j.
10
Let t(f) = f + 5. Let k be (-2 - 1)*3*1. Let h be t(k). Let d be (h/(-4))/((-1)/(-7)). Calculate the highest common factor of 35 and d.
7
Let m be (-2)/9 + (-70)/9. Suppose 2 = -0*p + 2*p. Let h be p/(-3) - m/6. What is the highest common factor of h and 8?
1
Let y be 496/24 - (-2)/(-3). Let t = 149 - 99. What is the greatest common factor of t and y?
10
Suppose 0*m + 9 = -4*s - 3*m, -12 = -s + 4*m. Let w be 3*2 + s + 1. Let d = -812 + 833. What is the highest common factor of w and d?
7
Suppose -y + 1 = 2*r - 5, 0 = 2*y - 5*r - 39. Calculate the greatest common factor of y and 4.
4
Suppose 0 = -4*n, -240 = -4*c - 2*n - n. Calculate the greatest common factor of c and 24.
12
Let d be 4/(-6) + (-776)/(-12). Let w = 9 + -9. Suppose w = -3*f + 3*h + 54, -6 = -f + 3*h - 8*h. What is the greatest common factor of 